me factors of 394?
2, 197
What are the prime factors of 7188?
2, 3, 599
List the prime factors of 43267.
7, 883
What are the prime factors of 1779?
3, 593
What are the prime factors of 11525?
5, 461
List the prime factors of 1136.
2, 71
What are the prime factors of 9825?
3, 5, 131
What are the prime factors of 660?
2, 3, 5, 11
What are the prime factors of 20583?
3, 2287
List the prime factors of 232.
2, 29
What are the prime factors of 1276?
2, 11, 29
List the prime factors of 36689.
19, 1931
List the prime factors of 124677.
3, 7, 1979
What are the prime factors of 1352?
2, 13
What are the prime factors of 1056?
2, 3, 11
List the prime factors of 2507.
23, 109
What are the prime factors of 2377?
2377
What are the prime factors of 528?
2, 3, 11
List the prime factors of 6438.
2, 3, 29, 37
What are the prime factors of 81294?
2, 3, 17, 797
What are the prime factors of 104?
2, 13
What are the prime factors of 1786?
2, 19, 47
What are the prime factors of 18506?
2, 19, 487
What are the prime factors of 2523?
3, 29
List the prime factors of 42746.
2, 11, 29, 67
What are the prime factors of 71745?
3, 5, 4783
What are the prime factors of 7051?
11, 641
What are the prime factors of 288?
2, 3
List the prime factors of 8993.
17, 23
List the prime factors of 17175.
3, 5, 229
List the prime factors of 3317.
31, 107
What are the prime factors of 15045?
3, 5, 17, 59
What are the prime factors of 4475?
5, 179
What are the prime factors of 163?
163
What are the prime factors of 56071?
47, 1193
What are the prime factors of 7100?
2, 5, 71
What are the prime factors of 2?
2
What are the prime factors of 2728?
2, 11, 31
List the prime factors of 51429.
3, 7, 31, 79
What are the prime factors of 159439?
7, 22777
List the prime factors of 28109.
28109
What are the prime factors of 26388?
2, 3, 733
List the prime factors of 923.
13, 71
What are the prime factors of 3462?
2, 3, 577
What are the prime factors of 2629?
11, 239
What are the prime factors of 42210?
2, 3, 5, 7, 67
List the prime factors of 36139.
71, 509
What are the prime factors of 10440?
2, 3, 5, 29
What are the prime factors of 812?
2, 7, 29
List the prime factors of 21112.
2, 7, 13, 29
What are the prime factors of 9309?
3, 29, 107
List the prime factors of 126.
2, 3, 7
List the prime factors of 3234.
2, 3, 7, 11
List the prime factors of 1082.
2, 541
What are the prime factors of 8780?
2, 5, 439
What are the prime factors of 125?
5
List the prime factors of 1148.
2, 7, 41
List the prime factors of 9353.
47, 199
List the prime factors of 907.
907
List the prime factors of 3823.
3823
What are the prime factors of 101878?
2, 7, 19, 383
What are the prime factors of 109674?
2, 3, 677
List the prime factors of 34233.
3, 11411
What are the prime factors of 2229?
3, 743
List the prime factors of 34682.
2, 17341
List the prime factors of 3063.
3, 1021
What are the prime factors of 1083?
3, 19
List the prime factors of 38830.
2, 5, 11, 353
List the prime factors of 41171.
13, 3167
List the prime factors of 11913.
3, 11, 19
What are the prime factors of 14439?
3, 4813
What are the prime factors of 39839?
39839
What are the prime factors of 5750?
2, 5, 23
What are the prime factors of 22191?
3, 13, 569
List the prime factors of 6276.
2, 3, 523
List the prime factors of 2601.
3, 17
List the prime factors of 41393.
11, 53, 71
What are the prime factors of 22875?
3, 5, 61
List the prime factors of 1903.
11, 173
List the prime factors of 69509.
11, 71, 89
List the prime factors of 35682.
2, 3, 19, 313
List the prime factors of 18287.
18287
What are the prime factors of 2967?
3, 23, 43
List the prime factors of 507.
3, 13
What are the prime factors of 3200?
2, 5
List the prime factors of 124846.
2, 62423
What are the prime factors of 6955?
5, 13, 107
What are the prime factors of 7080?
2, 3, 5, 59
List the prime factors of 1886.
2, 23, 41
What are the prime factors of 1385?
5, 277
List the prime factors of 3281.
17, 193
What are the prime factors of 11486?
2, 5743
List the prime factors of 30796.
2, 7699
List the prime factors of 19875.
3, 5, 53
What are the prime factors of 2503?
2503
What are the prime factors of 6878?
2, 19, 181
List the prime factors of 819.
3, 7, 13
What are the prime factors of 16294?
2, 8147
What are the prime factors of 70314?
2, 3, 11719
List the prime factors of 1041.
3, 347
List the prime factors of 6122.
2, 3061
What are the prime factors of 12464?
2, 19, 41
What are the prime factors of 1099?
7, 157
List the prime factors of 522.
2, 3, 29
What are the prime factors of 1224?
2, 3, 17
What are the prime factors of 28041?
3, 13, 719
List the prime factors of 12789.
3, 7, 29
What are the prime factors of 26693?
26693
List the prime factors of 1434.
2, 3, 239
What are the prime factors of 2601?
3, 17
What are the prime factors of 64738?
2, 32369
List the prime factors of 1169.
7, 167
List the prime factors of 192060.
2, 3, 5, 11, 97
What are the prime factors of 199460?
2, 5, 9973
List the prime factors of 514.
2, 257
What are the prime factors of 47899?
19, 2521
List the prime factors of 1697.
1697
List the prime factors of 66.
2, 3, 11
List the prime factors of 48016.
2, 3001
What are the prime factors of 112?
2, 7
What are the prime factors of 18753?
3, 7, 19, 47
What are the prime factors of 1873?
1873
What are the prime factors of 815?
5, 163
What are the prime factors of 4843?
29, 167
List the prime factors of 72498.
2, 3, 43, 281
List the prime factors of 2085.
3, 5, 139
What are the prime factors of 8922?
2, 3, 1487
What are the prime factors of 1433?
1433
What are the prime factors of 6257?
6257
What are the prime factors of 1619?
1619
What are the prime factors of 255?
3, 5, 17
What are the prime factors of 3738?
2, 3, 7, 89
What are the prime factors of 2061?
3, 229
List the prime factors of 60659.
60659
List the prime factors of 6781.
6781
What are the prime factors of 17393?
17393
What are the prime factors of 3514?
2, 7, 251
What are the prime factors of 2782?
2, 13, 107
List the prime factors of 159100.
2, 5, 37, 43
What are the prime factors of 15888?
2, 3, 331
List the prime factors of 389.
389
List the prime factors of 178053.
3, 59351
What are the prime factors of 15489?
3, 1721
What are the prime factors of 31523?
29, 1087
List the prime factors of 1969.
11, 179
What are the prime factors of 3598?
2, 7, 257
List the prime factors of 678.
2, 3, 113
List the prime factors of 1702.
2, 23, 37
What are the prime factors of 1291?
1291
List the prime factors of 113765.
5, 61, 373
List the prime factors of 3288.
2, 3, 137
What are the prime factors of 2688?
2, 3, 7
List the prime factors of 21021.
3, 7, 11, 13
What are the prime factors of 46773?
3, 5197
List the prime factors of 2449.
31, 79
What are the prime factors of 66638?
2, 11, 13, 233
List the prime factors of 8293.
8293
List the prime factors of 1539.
3, 19
What are the prime factors of 208?
2, 13
List the prime factors of 1182.
2, 3, 197
What are the prime factors of 8605?
5, 1721
List the prime factors of 1199.
11, 109
What are the prime factors of 425?
5, 17
What are the prime factors of 39904?
2, 29, 43
What are the prime factors of 30062?
2, 15031
What are the prime factors of 11428?
2, 2857
List the prime factors of 795.
3, 5, 53
List the prime factors of 12473.
12473
What are the prime factors of 9325?
5, 373
List the prime factors of 402.
2, 3, 67
List the prime factors of 8659.
7, 1237
List the prime factors of 710.
2, 5, 71
What are the prime factors of 1546?
2, 773
What are the prime factors of 1744?
2, 109
What are the prime factors of 598?
2, 13, 23
What are the prime factors of 174988?
2, 11, 41, 97
What are the prime factors of 3621?
3, 17, 71
What are the prime factors of 67054?
2, 13, 2579
What are the prime factors of 26327?
7, 3761
What are the prime factors of 83?
83
List the prime factors of 1708.
2, 7, 61
What are the prime factors of 2411?
2411
What are the prime factors of 427?
7, 61
List the prime factors of 3628.
2, 907
List the prime factors of 6300.
2, 3, 5, 7
What are the prime factors of 2124?
2, 3, 59
What are the prime factors of 71091?
3, 2633
What are the prime factors of 2338?
2, 7, 167
List the prime factors of 9158.
2, 19, 241
List the prime factors of 1007.
19, 53
What 